 + (-2273 - -2267)
18
-7 + -1 + 2 + (-23 - -25)
-4
What is the value of 39 + 0 - (-87 + 50 + 48)?
28
What is the value of 27 - (-7 + 13 + 8)?
13
556 - 565 - ((2 - 0) + -3 + -10)
2
Evaluate (-19 + 13 - -6) + 14 + -24.
-10
What is the value of -19 - 7 - -4 - (1 + -4)?
-19
Evaluate (-1 - -5) + -4 - -15 - (-13 - -12).
16
Evaluate (-15 - -1 - -4) + -3 - (-1 + -6).
-6
What is (25 - 23) + (17 - -1) + -7?
13
What is the value of 3 - (-5 + 1) - (-2 + -1 - -8)?
2
-275 - -283 - (1 - 3 - (8 - 0))
18
What is the value of -8 + 0 - (7 - (11 - -1) - -10)?
-13
Calculate 6 + 5 + -13 + (-4 - -4).
-2
(-25 - -42) + -8 - (1 - 2)
10
What is (4 - 0) + -11 - -20?
13
What is 1 - (2 - 29) - (-37 + 17 - -18)?
30
What is (7 - (32 - -5)) + 10 + 4 + -2?
-18
What is 33 + (-3 + (13 - 2) - (-13 - -29))?
25
What is the value of -9 + 2 - (4 - 10 - (17 - 22))?
-6
-1 - 11 - (-48 - (-31 + -4))
1
What is ((0 - 1) + -8 - (86 + -87)) + 21?
13
Calculate -5 - 1 - ((-9 - 9) + -6).
18
Evaluate 6 + (-12 - 6) + 8 - (2 - 6).
0
What is the value of 12 - (-15 - 0 - (-332 + 273))?
-32
(-42 - -15) + 37 + -45
-35
What is -1 + 41 - (-50 + (27 - -37))?
26
Evaluate 1 + 9 + -5 + 6 + -13.
-2
What is 0 - (-1 + 18 + -9)?
-8
Calculate (23 - 21 - (3 - 1)) + -7 + -3.
-10
What is the value of (-2 - 4) + 55 + -16 - (4 + 6)?
23
Calculate 79 + -84 - (-50 + 9).
36
Evaluate 0 + (10 - (-6 + (4 - 2))).
14
Evaluate (8 - 7) + (2 - (4 - (4 + 0))).
3
Calculate 0 + (-34 - -25) - -34.
25
Calculate (1 - -3 - -3) + (3 - (15 + -8)).
3
Calculate -2 - 1 - (220 + -212).
-11
288 - 288 - (3 - 2 - (-7 - 0))
-8
What is (-39 - -41) + 4 - -22?
28
-9 + -22 + (20 - 0)
-11
What is the value of 3 - ((-8 - -1) + (7 - -6 - -2))?
-5
What is the value of (-19 - (18 - 33)) + -7?
-11
Calculate (8 - 13 - -15) + -12.
-2
Calculate (-3 + 7 + -3 + -4 - -7) + -7.
-3
Evaluate (-2 - (5 + -4) - (14 + -33)) + 11.
27
Calculate -4 + 0 + (19 - -18) + -91 + 89.
31
What is -17 + -4 + 23 + -4?
-2
Calculate 1 + -6 - ((10 - -2) + (-25 - -15)).
-7
Evaluate (1 - -4) + (-64 + 31 - -19).
-9
What is the value of -5 + -21 + 6 + 14?
-6
What is -15 + (18 + -8 + -3 - 2)?
-10
What is the value of -8 - ((12 - 22) + (2 - (-2 - 0)))?
-2
Calculate (14 - 12) + 8 - 8 - -14.
16
What is (39 - 3) + (-27 + -9 + 15 - -11)?
26
7 + -14 + 1 - (-18 + 15)
-3
What is 5 - -5 - (-3 - -23)?
-10
Evaluate 3 + -10 + (7 - ((-9 - -6) + 7)).
-4
What is -4 + 38 + -9 - (6 + -9 + 0)?
28
Evaluate -9 + 18 + (-38 - -22).
-7
Evaluate 4 + (6 - (-20 - (7 + -16))).
21
What is -4 - (12 + -22 - (2 + -7))?
1
Calculate 53 + -29 - -11 - (-2 + 15).
22
What is (40 - (27 + 8)) + 33?
38
Calculate -4 + 15 + 5 - (16 + -3).
3
Evaluate 14 + (-5 - (0 + 11)) - (-2 + -26).
26
Evaluate 2 - -1 - -11 - (3 + -2) - -1.
14
Calculate 22 - (-32 + 4) - 21.
29
Evaluate (25 - 6) + 10 + -27.
2
What is the value of -7 - (-10 + 12 + -5) - -2?
-2
What is 1 + -3 + (-8 - 4) + 10 + 5?
1
Calculate 0 + 8 + (70 + -36 - 56).
-14
What is the value of 12 + (-1 - 26) - 1?
-16
What is the value of (14 - 28) + (-3 - -18)?
1
Evaluate 12 + (15 - 14) - 5.
8
What is the value of -8 - (16 + 4 + -26) - (-19 + 0)?
17
Evaluate 19 + -24 + (18 - (-15 + 17)).
11
What is the value of (5 - -22) + -37 + -12?
-22
What is 4 + (12 - 36) - 8?
-28
What is 39 + 0 + 1 + 601 + -601 + -9?
31
Evaluate (-521 - -494) + (-1 - -15).
-13
Evaluate -28 + -38 + 65 + -33.
-34
-19 + 4 + 14 + -16 - (-2 + -3)
-12
Calculate -51 + 54 - (-3 + 10).
-4
Calculate 10 - 1 - (16 - 4).
-3
4 + 5 - 0 - (6 - (14 + -15))
2
Calculate -2 + 0 - (18 - 10 - 13).
3
Evaluate -6 - (4 + (-1 - -2) + 51 + -54).
-8
-13 + (3 - (-5 - 10)) - 11
-6
What is -31 - (10 - -27 - 46)?
-22
What is 14 + -23 + 2 + -3 + -7 + 3?
-14
What is the value of (27 + -8 - 8) + (6 - (-3 - 1))?
21
What is the value of -21 - (10 - 25) - -18?
12
Calculate (1 - 6) + 3 + (-13 - -28) + 6.
19
Evaluate -19 - -25 - (-9 + 16 - 8).
7
Evaluate 13 + (-3 - (1 + (-7 - 8))).
24
What is the value of 13 - (23 + -36) - 38?
-12
(4 - 11) + (-10 - -25) + -1
7
Evaluate -7 - (3 + (12 - 4)).
-18
Calculate -4 - (-2 - (2 + -3) - (17 - 1)).
13
Evaluate -54 + 62 - (3 - 3 - -3).
5
Calculate -13 + (8 - 12 - -5) + 5.
-7
Evaluate 6 + (1 - (6 - 3 - 7 - -26)).
-15
Calculate 16 + -28 + 5 - 4.
-11
What is (1 - 5) + -210 + 188?
-26
-1 + (-11 - (-3 - 4))
-5
What is -8 + 22 + (-9 - (-2 + 4) - -5)?
8
Calculate (19 - 23) + 13 + 1 + -9 + 4.
5
Calculate (-30 - -38 - (7 + 1 + 1)) + -18.
-19
What is -406 - -430 - ((0 - -5) + 4 + -1)?
16
What is the value of -18 + 16 - ((7 - -1) + 7)?
-17
What is the value of 20 + (-4 - -9) - 8 - 8 - 4?
5
What is 0 + -1 - (-34 + (-1 - -30))?
4
What is 13 + (-7 - 1) + 4 + (2 - -15)?
26
What is the value of 14 + (-48 - (-9 + 6)) + 14?
-17
(-3 - 2) + 4 + 11 - (31 - -3)
-24
Calculate -6 + (-1 - -4) + -1 + -2 + 14.
8
What is the value of 13 + -14 + 3 - (1 + -2)?
3
What is the value of (-15 - -1) + 7 + 0 + 8?
1
What is (-10 - -6) + -15 - (-45 - -36)?
-10
Evaluate 74 - 81 - (0 + 0 - 1).
-6
Evaluate (-21 - -10) + -6 + 14.
-3
What is the value of (-34 - -42) + -3 + 10 + -7?
8
-5 + 3 - (1 - (7 - -6))
10
What is -8 - (0 + (-20 - -7) + -12)?
17
-1 - (-2 - 9) - (-200 + 206)
4
Evaluate (-21 + 13 - 14) + 5.
-17
What is the value of 5 - (-5 + -1) - 12?
-1
(3 - 15 - (11 + -1 - 7)) + 8
-7
15 + 1 - (-360 + 361)
15
What is the value of 2 - (2 - -7 - 8)?
1
Calculate (-7 + 5 - (-5 + (0 - -3))) + 5.
5
What is -23 + 16 + 4 + 5?
2
What is the value of -17 - (-33 + 79 + -26)?
-37
(6 + -12 - -3) + (4 + -9 - -8)
0
Calculate 9 + (13 - 14) + -13 - -14.
9
8 + (-4 - (12 + -5)) + 13
10
What is -5 - -15 - 9 - (-4 - -18)?
-13
(7 - (3 - -6)) + 2 + 2 + -8
-6
Calculate 6 - ((4 - 12) + 7) - 7.
0
Evaluate (1 - 1) + -2 + (-4 - 3 - -10).
1
Calculate 20 + (-50 - (-32 - -12)).
-10
(26 - (-19 - -59)) + (-4 - -1)
-17
-5 - (-1 + (-8 - 4) - -8)
0
What is 6 + -1 - (-1 - 0 - -11)?
-5
What is the value of -2 + 23 + -7 + (5 - 7)?
12
What is 11 + (-8 - ((3 - -1) + -12))?
11
Calculate -14 + 12 + -18 + 22.
2
Evaluate (-17 - -5 - 33) + 54.
9
What is 51 + -70 - (5 - 18)?
-6
Evaluate 1 + (-17 + 28 - 20) + -1 + 9.
0
What is the value of 9 + -1 + -1 + 6 + -7?
6
What is -13 + 9 + 15 + -18?
-7
Calculate -10 + 2 + -10 - -29.
11
What is (1 - (8 + -4 - 7)) + -2 + 11?
13
What is 16 - (3 + 5 + -12) - (-2 + 2)?
20
Calculate 23 + -14 + -4 + -12.
-7
Evaluate (4 - 6) + 3 + -5 + 15 + -11.
0
What is the value of -7 + -6 - (-11 - (-3 - -2))?
-3
What is 12 + (-21 - -20) + 5?
16
Calculate -15 + 14 - 18 - -12.
-7
What is the value of (-1 - -11) + (-1 - -4 - 3)?
10
(-4 - -3) + -5 + -19 + 27
2
Evaluate (7 - 19) + (-12 - (-24 - -1)).
-1
Calculate 24 - (11 - (18 - 20)).
11
-11 + (-1 - -8 - -16)
12
Evaluate 11 + 10 + -8 + 2 + 0.
15
Calculate 18 + -8 + 1 + 3 - (-3 - -5).
12
Calculate 9 + -6 + 24 - 16.
11
Calculate (0 - 9) + (-8 - (-20 - -7)).
-4
Calculate 66 + -37 + -28 - (1 - (0 - -8)).
8
Calculate 2 + (-10 - -5) + 8.
5
What is the value of -1 + (2 + 0 - (-8 + 14)) - -1?
-4
Evaluate -1 + -9 + -47 + 54 - -9.
6
What is the value of -16 - -20 - (-1 + 8) - -18?
15
Evaluate -1 + 12 - (179 - 169).
1
6 - (-74 + 66 + (-2 - -1) + 4)
11
Evaluate -10 + 0 - (22 + -45 + 28).
-15
Calculate (1 - 9) + (-26 + 50 - 22).
-6
(-1 - (7 + 0)) + -1 - -8
-1
Calculate -10 + (-10 - -13) + 21 + 7.
21
What is (197 - 174) + (-12 - 0)?
11
Evaluate (1 - 3 - (-10 + 15 + -5)) + -4.
-6
What is -18 + (7 - (21 + -20))?
-12
Calculate 8 - ((19 - (-7 - -25)) + (0 - -8)).
-1
What is 63 - 67 - ((-1 - 9) + 1)?
5
Calculate (74 + -54 - (-1 - -6)) + 9.
24
Calculate -25 - (-20 + (5 - 11 - -15)).
-14
Calculate -20 + 2 + (8 - (3 - (-3 + 3))).
-13
Evaluate 2 - (-2 - (-5 + 2)) - (1 + 2).
-2
What is the value of (-4 - (-5 - (12 + -2))) + (1 - 5)?
7
Calculate -5 - (-14 + (13 - (-9 - -4))).
-9
What is 7 - ((9 - -2) + -16)?
12
What is the value of -2 - 6 - (-19 - (5 - 0) - 11)?
27
Calculate -14 - (9 + (0 - 11)).
-12
What is -2 + -26 + 20 + -14 - -16?
-6
Evaluate (6 - -2) + (-14 - 20) + -3.
-29
Evaluate 1 + 1 + 9 + -1922 + 1914.
3
What is the value of 2 - 39 - (-34 - (38 + -61))?
-26
Calculate -3 - (1 + -3 + 4) - (64 - 71).
2
What is the value of (-2 - ((7 - -1) + -1)) + 8?
-1
Calculate 0 + -8 + 5 - (3 + (-2 - 14)).
10
What is -19 - (-14 - (20 - 42))?
-27
What is the value of -9 + (0 - (-22 + 3 + -4))?
14
Evaluate 24 + (-6 - -17 - 14).
21
Evaluate -2 - 8 - (104 + -110).
-4
